 33428?
120
What is the remainder when 1842412 is divided by 87731?
61
Calculate the remainder when 1143 is divided by 186.
27
Calculate the remainder when 11531 is divided by 2764.
475
Calculate the remainder when 2100043 is divided by 162.
37
What is the remainder when 14090003 is divided by 454514?
69
Calculate the remainder when 642 is divided by 164.
150
What is the remainder when 13046443 is divided by 939?
916
What is the remainder when 20759359 is divided by 65281?
1
What is the remainder when 36863749 is divided by 100?
49
Calculate the remainder when 46274 is divided by 19105.
8064
What is the remainder when 15261601 is divided by 227?
164
Calculate the remainder when 4014835 is divided by 85422.
1
Calculate the remainder when 65566 is divided by 353.
261
Calculate the remainder when 55204062 is divided by 616.
606
What is the remainder when 2812747 is divided by 1795?
1777
What is the remainder when 15338 is divided by 3764?
282
What is the remainder when 8665412 is divided by 8665408?
4
What is the remainder when 15250698 is divided by 141?
138
What is the remainder when 96536878 is divided by 30?
28
Calculate the remainder when 2159941 is divided by 719224.
2269
What is the remainder when 108199 is divided by 197?
46
Calculate the remainder when 1432712 is divided by 286532.
52
What is the remainder when 383739 is divided by 273?
174
Calculate the remainder when 2729197 is divided by 76.
37
What is the remainder when 24845984 is divided by 2760663?
17
What is the remainder when 1274361 is divided by 252?
249
What is the remainder when 6441972 is divided by 413?
411
Calculate the remainder when 18829 is divided by 1048.
1013
Calculate the remainder when 3185074 is divided by 57.
28
What is the remainder when 7523318 is divided by 48?
38
What is the remainder when 26098410 is divided by 61?
48
What is the remainder when 493237 is divided by 20801?
14814
Calculate the remainder when 4324130 is divided by 2162047.
36
What is the remainder when 7401129 is divided by 1908?
1905
Calculate the remainder when 16418031 is divided by 8209008.
15
What is the remainder when 64025 is divided by 191?
40
Calculate the remainder when 1608980 is divided by 629.
627
Calculate the remainder when 1297264 is divided by 24.
16
Calculate the remainder when 518629 is divided by 259304.
21
What is the remainder when 7206748 is divided by 4?
0
What is the remainder when 95353 is divided by 15873?
115
Calculate the remainder when 97250 is divided by 175.
125
Calculate the remainder when 42801 is divided by 739.
678
What is the remainder when 59461500 is divided by 2477562?
12
What is the remainder when 121938 is divided by 1169?
362
Calculate the remainder when 1366831734 is divided by 9.
6
What is the remainder when 27512997 is divided by 4500?
4497
What is the remainder when 77401436 is divided by 73?
47
What is the remainder when 3510633 is divided by 165?
93
What is the remainder when 17114418 is divided by 24?
18
Calculate the remainder when 10521855 is divided by 61.
26
Calculate the remainder when 2369063 is divided by 54.
29
Calculate the remainder when 1871469 is divided by 17.
7
What is the remainder when 4826710 is divided by 27900?
10
Calculate the remainder when 774349 is divided by 155.
124
Calculate the remainder when 34683 is divided by 235.
138
Calculate the remainder when 4181461 is divided by 28640.
21
What is the remainder when 413445 is divided by 137436?
1137
Calculate the remainder when 562651 is divided by 5210.
5181
Calculate the remainder when 1117643 is divided by 20320.
43
Calculate the remainder when 35799336 is divided by 56.
48
What is the remainder when 544734999 is divided by 89?
86
Calculate the remainder when 5079840 is divided by 1269938.
88
Calculate the remainder when 357988 is divided by 171.
85
What is the remainder when 241774 is divided by 1273?
1177
Calculate the remainder when 44152384 is divided by 100.
84
What is the remainder when 847711 is divided by 141272?
79
Calculate the remainder when 9780700 is divided by 914.
900
Calculate the remainder when 7208615 is divided by 2628.
11
What is the remainder when 5683537 is divided by 2060?
2057
What is the remainder when 136890036 is divided by 8?
4
Calculate the remainder when 29148179 is divided by 1714597.
30
Calculate the remainder when 72401 is divided by 798.
581
Calculate the remainder when 4220103 is divided by 34591.
1
What is the remainder when 636786 is divided by 801?
792
What is the remainder when 480372 is divided by 5552?
2900
Calculate the remainder when 227816 is divided by 5081.
4252
Calculate the remainder when 13361306 is divided by 132290.
16
Calculate the remainder when 3535937 is divided by 3535879.
58
Calculate the remainder when 1070625 is divided by 97.
36
Calculate the remainder when 1305931 is divided by 176.
11
Calculate the remainder when 1330571 is divided by 26080.
491
What is the remainder when 731473 is divided by 1655?
1618
Calculate the remainder when 5841467 is divided by 880.
27
Calculate the remainder when 2850099 is divided by 19792.
51
Calculate the remainder when 4367619 is divided by 10.
9
Calculate the remainder when 749406 is divided by 22.
20
Calculate the remainder when 28137277 is divided by 9379090.
7
Calculate the remainder when 7404177 is divided by 255.
252
What is the remainder when 34159087 is divided by 1113?
4
Calculate the remainder when 1158066 is divided by 1116.
774
Calculate the remainder when 5072864 is divided by 1197.
1175
What is the remainder when 208975914 is divided by 6242?
6238
What is the remainder when 30088039 is divided by 1265?
14
Calculate the remainder when 656211 is divided by 174.
57
Calculate the remainder when 52483 is divided by 26182.
119
What is the remainder when 102046 is divided by 101981?
65
Calculate the remainder when 26600 is divided by 3342.
3206
What is the remainder when 99571 is divided by 99549?
22
Calculate the remainder when 121897143 is divided by 1302.
1299
What is the remainder when 75006 is divided by 3442?
2724
What is the remainder when 902659 is divided by 211?
1
What is the remainder when 260872126 is divided by 48?
46
What is the remainder when 48684079 is divided by 304?
303
What is the remainder when 2132103 is divided by 5426?
5111
Calculate the remainder when 21745951 is divided by 1310.
1261
What is the remainder when 49018 is divided by 11602?
2610
Calculate the remainder when 367682 is divided by 4775.
7
What is the remainder when 509741 is divided by 72811?
64
What is the remainder when 2776877 is divided by 77134?
53
What is the remainder when 31427932 is divided by 35?
32
What is the remainder when 22841 is divided by 1947?
1424
What is the remainder when 11948522 is divided by 77?
47
What is the remainder when 4772878 is divided by 954497?
393
What is the remainder when 1882095 is divided by 2666?
2565
What is the remainder when 56429 is divided by 635?
549
Calculate the remainder when 264922359 is divided by 423.
420
Calculate the remainder when 80057677 is divided by 27.
4
What is the remainder when 456856 is divided by 2768?
136
Calculate the remainder when 11692332 is divided by 17905.
367
What is the remainder when 127283 is divided by 477?
401
What is the remainder when 1116704 is divided by 279140?
144
Calculate the remainder when 467846 is divided by 77970.
26
What is the remainder when 7964364 is divided by 2216?
60
What is the remainder when 234382 is divided by 2006?
1686
What is the remainder when 1839714 is divided by 141516?
6
What is the remainder when 1878 is divided by 1283?
595
Calculate the remainder when 65913 is divided by 1232.
617
Calculate the remainder when 32561214 is divided by 56.
14
Calculate the remainder when 2788989 is divided by 28458.
105
What is the remainder when 92802087 is divided by 1185?
1182
Calculate the remainder when 5373260 is divided by 218.
214
Calculate the remainder when 128308 is divided by 21361.
142
Calculate the remainder when 12118581 is divided by 88.
13
Calculate the remainder when 26353124 is divided by 504.
476
Calculate the remainder when 179492 is divided by 16315.
27
Calculate the remainder when 82688 is divided by 27355.
623
Calculate the remainder when 1882902 is divided by 15.
12
What